- 127 - f, 4*m - 226 = 2*t. Calculate the remainder when m is divided by 19.
17
Calculate the remainder when 95 is divided by (-836)/(-26) + (-22)/143.
31
Let r(c) = -c**2 + 5*c - 3. What is the remainder when 43 is divided by r(3)?
1
Let t(v) = -v**3 - 5*v**2 - 8*v + 1. Let g(q) = -q + 3. Let w be g(9). Let h = w - -20. What is the remainder when h is divided by t(-2)?
4
Let f(w) = -w**2 + 6*w + 1. Let y(x) = 4*x - 17. Let k be y(5). Calculate the remainder when 37 is divided by f(k).
7
Suppose 2*g = g + 28. What is the remainder when 21/((-105)/(-530)) - -3 is divided by g?
25
Let j(s) = -24 - 5*s - 14*s + 4*s. Calculate the remainder when j(-7) is divided by 21.
18
Let i = 22 + -16. Let k(o) = 2*o**2 + i - o**2 + 14*o - 33*o + 14*o. What is the remainder when 23 is divided by k(6)?
11
Let n = 12 - -3. Suppose -93 = 2*z - 5*z. Let c = z - n. Calculate the remainder when c is divided by 9.
7
Calculate the remainder when (30/(-9) - -4)/((-6)/(-1017)) is divided by 19.
18
Let j = 12 + -37. Calculate the remainder when (-166)/(-8) + -1 + j/(-20) is divided by 6.
3
Let h(v) = 5*v**2 + 42*v + 126. Calculate the remainder when 267 is divided by h(-3).
42
Let v = 130 - 121. Suppose -7 = -z + 3*m - 4, 0 = -5*z + 4*m + 4. What is the remainder when (-1 - z)*44/(-1) is divided by v?
8
Let j(i) = -i + 4. Let a be j(4). Let g(f) = f**2 + f + 52. Suppose 54 = 103*l + 98*l - 199*l. What is the remainder when g(a) is divided by l?
25
What is the remainder when 51 is divided by (0 - -16) + -1 + 0/(-4)?
6
Calculate the remainder when 3*(770/15 + -1 + 0) is divided by 38.
37
Suppose -4*i - 3*o - 54 = -301, 2*i = 5*o + 91. Calculate the remainder when i is divided by 12.
10
Let g = 2 + -2. Suppose g = -2*k + 3 + 9. Suppose k*x - x = 60. What is the remainder when 45 is divided by x?
9
Let o(m) = -2*m**2 - 49*m - 150. Calculate the remainder when o(-20) is divided by 20.
10
Let w(s) = -s**3 + 13*s**2 - 13*s + 12. Let b be w(12). Let r be (b + 3)/(3 - 2). Suppose -r*v + 14 = -v. Calculate the remainder when v is divided by 4.
3
Suppose -131 - 4 = -3*z. Let o = -2 + z. Suppose f = 6 + 9. Calculate the remainder when o is divided by f.
13
Suppose 2*k - 382 = -3*g, 0 = -60*k + 55*k + g + 989. Calculate the remainder when k is divided by 17.
10
Let u = -620 - -819. What is the remainder when u is divided by 40?
39
Calculate the remainder when 228 is divided by 32/(-160) - (-213)/15.
4
Let t(y) = 2*y**2 - 15*y - 28. What is the remainder when 350 is divided by t(10)?
20
Let u(o) = o**3 + 45*o**2 + 13*o + 598. Let a(n) = 2*n**2 + 8*n + 6. What is the remainder when a(-7) is divided by u(-45)?
9
Let g(n) = n**3 + 7*n**2 - 11*n + 7. Calculate the remainder when g(4) is divided by 47.
45
Suppose 4*j + j + 331 = 7*a, 2*a + j = 97. Calculate the remainder when 178 is divided by a.
34
Let c = 431 - 351. What is the remainder when 128 is divided by c?
48
Let y(a) = -a**2 + 2*a + 3. Let g be y(3). Suppose 2*u = -4*s + s + 23, 4*u + 5*s - 51 = g. Let k(w) = 74*w. Calculate the remainder when k(1) is divided by u.
17
Let g = -27 - -26. Let d be g + 2 + 2 + -3. Suppose d = -4*v + 3*v + 28. What is the remainder when 109 is divided by v?
25
Let c = 23 + -19. Let u be (c + -7)/(6/(-8)). Suppose 0*p + u*p - 64 = 0. What is the remainder when 28 is divided by p?
12
Suppose -4*g + 3*a = -169, a - 202 + 5 = -5*g. Let b = g - 12. What is the remainder when b is divided by 15?
13
Suppose 1928 = 12*u + 584. What is the remainder when u is divided by 29?
25
Suppose -22 - 41 = -w. Let a = w + -13. Calculate the remainder when 193 is divided by a.
43
Suppose 91 = 2*s - 3*h, 116 = 4*s - 5*h - 61. Suppose 21*a - 766 = 746. Calculate the remainder when a is divided by s.
34
Let k be (-3)/(-14)*-2*-7. Suppose 4*p + 0*p + k*c - 77 = 0, 3*p - 2*c = 45. What is the remainder when p is divided by (-6)/1*9/(-6)?
8
Let r be 27/(-2) - (-21)/14. Let s = 38 + r. Calculate the remainder when s is divided by 7.
5
Let c(y) = -3*y**2 - 34*y - 8. What is the remainder when 153 is divided by c(-4)?
73
Suppose 0 = 5*y - 37 + 2. What is the remainder when (-4 + y)/1 + 9 is divided by 6?
0
Let r(k) = -k**3 + 7*k**2 + k. Calculate the remainder when 48 is divided by r(7).
6
Let h = -4 + -12. Let x = -18 - h. Let s = x - -17. Calculate the remainder when 42 is divided by s.
12
Let i = -2 - -4. Suppose d = -i*d + 126. Suppose -8*m = -5*m - d. What is the remainder when 54 is divided by m?
12
Let l = -2206 - -2277. Suppose 5*n = 106 + 79. Calculate the remainder when l is divided by n.
34
Suppose p - 5*w - 28 = 0, p - 28 + 6 = 3*w. Suppose x + 2 = -0. What is the remainder when 2*1/(x/(-49)) is divided by p?
10
Let f(m) = -m**3 - 3*m**2 + 15*m + 4. Calculate the remainder when f(-7) is divided by 16.
15
Let g(h) = h**3 - 17*h**2 - 17*h - 14. Suppose 4*s - 31 = -5*n, 51 = 2*s + 2*s + n. Calculate the remainder when s*((-28)/(-8))/7 is divided by g(18).
3
What is the remainder when 173 - ((-10 - -7) + 10) is divided by 50?
16
Calculate the remainder when 113 is divided by (30 - 31)/((-59)/58 + 1).
55
Suppose 7*g + 11 - 39 = 0. Suppose g*b = -0*b - 4*a + 48, -3*b = -5*a - 28. Suppose x - 2*x + 4*j = -3, 2 = 2*j. What is the remainder when b is divided by x?
4
Suppose -3 + 7 = c. What is the remainder when (19/(760/(-656)))/(4/(-10)) is divided by c*(2 + 2) + -2?
13
Let z(f) = f**3 - 8*f**2 + 9*f + 3. Let g(r) = -r**3 - 7*r**2 + 6*r - 9. Let v be g(-8). Suppose h + v = 55. What is the remainder when h is divided by z(7)?
14
Suppose -l - l + 6 = 0. Suppose 0*o - l*o = -27. Calculate the remainder when 28/6*o - 1 is divided by 11.
8
Let j(h) = 4*h - 7. Let z be j(3). Let v = z + 2. Suppose -4*i - 9 = -v*i. What is the remainder when 4 is divided by i?
1
Calculate the remainder when 15 - (-1 - (-1 + 1)) is divided by ((-272)/(-17) - 8)*18/16.
7
Suppose -s = -5*p + 2*s + 20, -4 = -p - s. What is the remainder when 6/(-3) - (5 - 12) is divided by p?
1
Let b(l) = l**2 - 2*l + 112. What is the remainder when b(0) is divided by 58?
54
Let a(j) = -j**3 - 7*j**2 - 8*j - 11. Let b be (-152)/26 - (-18)/(-117). Calculate the remainder when 2 is divided by a(b).
0
Suppose 2*m - 738 + 54 = 0. Suppose -5*h = 5*k - 425, 4*k + 0*h + 5*h = m. Calculate the remainder when k is divided by 29.
25
Let r be ((-132)/(-18))/(2/6). Let v = 16 + r. Calculate the remainder when v is divided by 21/49 + (-264)/(-21).
12
What is the remainder when (-112 - 1)*(-11 - -8) is divided by 6?
3
Let g = 45 + -45. Let r(a) = -a**2 + 19. Let z = -23 + 34. Calculate the remainder when r(g) is divided by z.
8
Let k = 221 + -173. What is the remainder when 190 is divided by k?
46
Suppose -3*v + 4*v = 4. Suppose 0 = -2*h - 2*j + 7*j - v, 0 = 5*h - j + 33. Calculate the remainder when (-117)/h - 2/(-7) is divided by 6.
5
Suppose -480 = 5*h + 3*r - 4427, -2*h + 4*r + 1584 = 0. Calculate the remainder when h is divided by 8.
6
Let i be (-2 - (-13 - 0))*1 + 1. Calculate the remainder when i/(-36) + (-542)/(-6) is divided by 46.
44
Let d(g) = 19*g - 45. Calculate the remainder when d(11) is divided by 84.
80
Let j(u) = u**3 + 10*u**2 - 15*u - 9. Let a be j(-11). Let g = -11 + a. Calculate the remainder when 92 is divided by g.
20
Let p(f) = -2*f**3 - 4*f**2 - 21*f - 3. Calculate the remainder when p(-6) is divided by 59.
57
Let w = 19 - -7. Let m = 6 + w. What is the remainder when m is divided by 18?
14
Suppose 41 = -11*l + 10*l. Let j = l + 57. What is the remainder when 42 is divided by j?
10
Suppose -118 - 698 = -16*q. Calculate the remainder when q is divided by 26.
25
Suppose 20*q - 21*q = -180. Suppose -q = -13*s - 2*s. Calculate the remainder when s is divided by 5.
2
Let a be 69/21 + 2/(-7). Suppose -a*r = -28 - 56. Suppose -4*k + 10 = -3*k. Calculate the remainder when r is divided by k.
8
Let i be 4 + (0 + (0 - 1))*2. Suppose -8*j = -i*j - 372. What is the remainder when j is divided by 16?
14
Let k be (1 - -2)*3/3. Suppose 5*p = 3*n + 133, p - 21 = -n + k*n. Calculate the remainder when p is divided by 15.
14
Let y be -5 + 1 + 1 + -1. Let i be 31 - (-2 - (y + 2)). Suppose 2*u - 3*k - i = 0, -u + 4*k = -2*u + 32. Calculate the remainder when u is divided by 11.
9
Suppose -437 = -2*n + 1357. What is the remainder when n is divided by 36?
33
Let w(i) = -4*i